{"id":6689,"date":"2021-03-08T16:11:52","date_gmt":"2021-03-08T15:11:52","guid":{"rendered":"https:\/\/www.sv.be\/project\/openbare-bibliotheek-wavre\/"},"modified":"2021-03-08T16:16:33","modified_gmt":"2021-03-08T15:16:33","slug":"openbare-bibliotheek-wavre","status":"publish","type":"project","link":"https:\/\/www.sv.be\/fr\/project\/openbare-bibliotheek-wavre\/","title":{"rendered":"Biblioth\u00e8que publique Wavre"},"content":{"rendered":"\n<p>Biblioth\u00e8que communale Maurice Car\u00eame \u00e0 La Sucrerie<\/p>\n\n\n\n<p>R\u00e9alis\u00e9 en 2020<\/p>\n\n\n\n<p>Architecte: A.D.E. Architects<\/p>\n\n\n\n<p><\/p>\n","protected":false},"featured_media":6682,"template":"","project-toepassing":[87],"collecties":[73,81],"class_list":["post-6689","project","type-project","status-publish","has-post-thumbnail","hentry","project-toepassing-bibliotheque","collecties-iduna-fr","collecties-sellex-fr"],"_links":{"self":[{"href":"https:\/\/www.sv.be\/fr\/wp-json\/wp\/v2\/project\/6689","targetHints":{"allow":["GET"]}}],"collection":[{"href":"https:\/\/www.sv.be\/fr\/wp-json\/wp\/v2\/project"}],"about":[{"href":"https:\/\/www.sv.be\/fr\/wp-json\/wp\/v2\/types\/project"}],"wp:featuredmedia":[{"embeddable":true,"href":"https:\/\/www.sv.be\/fr\/wp-json\/wp\/v2\/media\/6682"}],"wp:attachment":[{"href":"https:\/\/www.sv.be\/fr\/wp-json\/wp\/v2\/media?parent=6689"}],"wp:term":[{"taxonomy":"project-toepassing","embeddable":true,"href":"https:\/\/www.sv.be\/fr\/wp-json\/wp\/v2\/project-toepassing?post=6689"},{"taxonomy":"collecties","embeddable":true,"href":"https:\/\/www.sv.be\/fr\/wp-json\/wp\/v2\/collecties?post=6689"}],"curies":[{"name":"wp","href":"https:\/\/api.w.org\/{rel}","templated":true}]}}

Bibliothèque publique Wavre

<p>Bibliothèque communale Maurice Carême à La Sucrerie</p>



<p>Réalisé en 2020</p>



<p>Architecte: A.D.E. Architects</p>



<p></p>
