{"id":4766,"date":"2020-04-27T12:00:09","date_gmt":"2020-04-27T10:00:09","guid":{"rendered":"https:\/\/svnew.mailbox-marketing7.be\/project\/gemeenschapshuis-sint-michielsgestel\/"},"modified":"2023-09-14T14:59:39","modified_gmt":"2023-09-14T12:59:39","slug":"centre-communautaire-sint-michielsgestel","status":"publish","type":"project","link":"https:\/\/www.sv.be\/fr\/project\/centre-communautaire-sint-michielsgestel\/","title":{"rendered":"Centre Communautaire Sint Michielsgestel"},"content":{"rendered":"\n<p>AREA Occupier Solutions a \u00e9t\u00e9 charg\u00e9e de transformer une partie de l&#8217;h\u00f4tel de ville de Sint Michielsgestel en centre communautaire.<\/p>\n","protected":false},"featured_media":4249,"template":"","project-toepassing":[87,90],"collecties":[73,81],"class_list":["post-4766","project","type-project","status-publish","has-post-thumbnail","hentry","project-toepassing-bibliotheque","project-toepassing-espace-public","collecties-iduna-fr","collecties-sellex-fr"],"_links":{"self":[{"href":"https:\/\/www.sv.be\/fr\/wp-json\/wp\/v2\/project\/4766","targetHints":{"allow":["GET"]}}],"collection":[{"href":"https:\/\/www.sv.be\/fr\/wp-json\/wp\/v2\/project"}],"about":[{"href":"https:\/\/www.sv.be\/fr\/wp-json\/wp\/v2\/types\/project"}],"wp:featuredmedia":[{"embeddable":true,"href":"https:\/\/www.sv.be\/fr\/wp-json\/wp\/v2\/media\/4249"}],"wp:attachment":[{"href":"https:\/\/www.sv.be\/fr\/wp-json\/wp\/v2\/media?parent=4766"}],"wp:term":[{"taxonomy":"project-toepassing","embeddable":true,"href":"https:\/\/www.sv.be\/fr\/wp-json\/wp\/v2\/project-toepassing?post=4766"},{"taxonomy":"collecties","embeddable":true,"href":"https:\/\/www.sv.be\/fr\/wp-json\/wp\/v2\/collecties?post=4766"}],"curies":[{"name":"wp","href":"https:\/\/api.w.org\/{rel}","templated":true}]}}

<p>AREA Occupier Solutions a été chargée de transformer une partie de l&#8217;hôtel de ville de Sint Michielsgestel en centre communautaire.</p>
