{"id":8189,"date":"2022-04-19T17:02:24","date_gmt":"2022-04-19T15:02:24","guid":{"rendered":"https:\/\/www.sv.be\/?post_type=producten&#038;p=8189"},"modified":"2023-03-28T09:48:19","modified_gmt":"2023-03-28T07:48:19","slug":"te","status":"publish","type":"producten","link":"https:\/\/www.sv.be\/fr\/produit\/te\/","title":{"rendered":"TE"},"content":{"rendered":"\n<p>Postes de travail r\u00e9glables en hauteur \u00e9lectriquement, au design \u00e9pur\u00e9 et intemporel, avec des pieds en aluminium massif.<\/p>\n\n<p>Postes de travail simples et doubles.&#13;\nR\u00e9glage \u00e9lectrique ou \u00e0 manivelle de la hauteur jusqu&#8217;\u00e0 la hauteur debout.&#13;\nUne multitude de largeurs.<\/p>\n\n<p><\/p>\n","protected":false},"featured_media":8217,"menu_order":0,"template":"","meta":{"_seopress_robots_primary_cat":"","_seopress_titles_title":"","_seopress_titles_desc":"","_seopress_robots_index":""},"type-meubilair":[222],"project-toepassing":[72],"toepassingen":[102],"collecties":[73],"class_list":["post-8189","producten","type-producten","status-publish","has-post-thumbnail","hentry","type-meubilair-bureaux","project-toepassing-bureau","toepassingen-bureaux-et-tables","collecties-iduna-fr"],"_links":{"self":[{"href":"https:\/\/www.sv.be\/fr\/wp-json\/wp\/v2\/producten\/8189","targetHints":{"allow":["GET"]}}],"collection":[{"href":"https:\/\/www.sv.be\/fr\/wp-json\/wp\/v2\/producten"}],"about":[{"href":"https:\/\/www.sv.be\/fr\/wp-json\/wp\/v2\/types\/producten"}],"wp:featuredmedia":[{"embeddable":true,"href":"https:\/\/www.sv.be\/fr\/wp-json\/wp\/v2\/media\/8217"}],"wp:attachment":[{"href":"https:\/\/www.sv.be\/fr\/wp-json\/wp\/v2\/media?parent=8189"}],"wp:term":[{"taxonomy":"type-meubilair","embeddable":true,"href":"https:\/\/www.sv.be\/fr\/wp-json\/wp\/v2\/type-meubilair?post=8189"},{"taxonomy":"project-toepassing","embeddable":true,"href":"https:\/\/www.sv.be\/fr\/wp-json\/wp\/v2\/project-toepassing?post=8189"},{"taxonomy":"toepassingen","embeddable":true,"href":"https:\/\/www.sv.be\/fr\/wp-json\/wp\/v2\/toepassingen?post=8189"},{"taxonomy":"collecties","embeddable":true,"href":"https:\/\/www.sv.be\/fr\/wp-json\/wp\/v2\/collecties?post=8189"}],"curies":[{"name":"wp","href":"https:\/\/api.w.org\/{rel}","templated":true}]}}

<p>Postes de travail réglables en hauteur électriquement, au design épuré et intemporel, avec des pieds en aluminium massif.</p>

<p>Postes de travail simples et doubles.&#13;
Réglage électrique ou à manivelle de la hauteur jusqu&#8217;à la hauteur debout.&#13;
Une multitude de largeurs.</p>

<p></p>
