{"id":3654,"date":"2020-07-01T12:27:01","date_gmt":"2020-07-01T10:27:01","guid":{"rendered":"https:\/\/svnew.mailbox-marketing7.be\/product\/lessless-en-lessless-color\/"},"modified":"2023-03-28T13:47:50","modified_gmt":"2023-03-28T11:47:50","slug":"lessless-et-lessless-color","status":"publish","type":"producten","link":"https:\/\/www.sv.be\/fr\/produit\/lessless-et-lessless-color\/","title":{"rendered":"LessLess &#038; LessLess Color"},"content":{"rendered":"\n<p>LessLess est la version retravaill\u00e9e de l&#8217;iconique collection Less con\u00e7ue par Jean Nouvel pour la Fondation Quartier \u00e0 Paris. Vingt ans plus tard, le c\u00e9l\u00e8bre architecte fran\u00e7ais a redessin\u00e9 cette ligne : l&#8217;acier a \u00e9t\u00e9 remplac\u00e9 par de l&#8217;aluminium (anodis\u00e9 ou laqu\u00e9 noir). Les options de c\u00e2blage ont \u00e9t\u00e9 modifi\u00e9es et la ligne s&#8217;est enrichie de nouvelles armoires.<\/p>\n","protected":false},"featured_media":3656,"menu_order":0,"template":"","meta":{"_seopress_robots_primary_cat":"","_seopress_titles_title":"","_seopress_titles_desc":"","_seopress_robots_index":""},"type-meubilair":[222,236,239],"project-toepassing":[72],"toepassingen":[102],"collecties":[],"class_list":["post-3654","producten","type-producten","status-publish","has-post-thumbnail","hentry","type-meubilair-bureaux","type-meubilair-tables","type-meubilair-tables-de-reunion","project-toepassing-bureau","toepassingen-bureaux-et-tables"],"_links":{"self":[{"href":"https:\/\/www.sv.be\/fr\/wp-json\/wp\/v2\/producten\/3654","targetHints":{"allow":["GET"]}}],"collection":[{"href":"https:\/\/www.sv.be\/fr\/wp-json\/wp\/v2\/producten"}],"about":[{"href":"https:\/\/www.sv.be\/fr\/wp-json\/wp\/v2\/types\/producten"}],"wp:featuredmedia":[{"embeddable":true,"href":"https:\/\/www.sv.be\/fr\/wp-json\/wp\/v2\/media\/3656"}],"wp:attachment":[{"href":"https:\/\/www.sv.be\/fr\/wp-json\/wp\/v2\/media?parent=3654"}],"wp:term":[{"taxonomy":"type-meubilair","embeddable":true,"href":"https:\/\/www.sv.be\/fr\/wp-json\/wp\/v2\/type-meubilair?post=3654"},{"taxonomy":"project-toepassing","embeddable":true,"href":"https:\/\/www.sv.be\/fr\/wp-json\/wp\/v2\/project-toepassing?post=3654"},{"taxonomy":"toepassingen","embeddable":true,"href":"https:\/\/www.sv.be\/fr\/wp-json\/wp\/v2\/toepassingen?post=3654"},{"taxonomy":"collecties","embeddable":true,"href":"https:\/\/www.sv.be\/fr\/wp-json\/wp\/v2\/collecties?post=3654"}],"curies":[{"name":"wp","href":"https:\/\/api.w.org\/{rel}","templated":true}]}}

<p>LessLess est la version retravaillée de l&#8217;iconique collection Less conçue par Jean Nouvel pour la Fondation Quartier à Paris. Vingt ans plus tard, le célèbre architecte français a redessiné cette ligne : l&#8217;acier a été remplacé par de l&#8217;aluminium (anodisé ou laqué noir). Les options de câblage ont été modifiées et la ligne s&#8217;est enrichie de nouvelles armoires.</p>
