{"id":11132,"date":"2023-11-15T11:56:52","date_gmt":"2023-11-15T10:56:52","guid":{"rendered":"https:\/\/www.sv.be\/product\/support-telescopique\/"},"modified":"2023-11-15T11:56:52","modified_gmt":"2023-11-15T10:56:52","slug":"support-telescopique","status":"publish","type":"producten","link":"https:\/\/www.sv.be\/fr\/produit\/support-telescopique\/","title":{"rendered":"Support t\u00e9lescopique"},"content":{"rendered":"\n<p>Sur nos tribunes t\u00e9lescopiques, nous utilisons g\u00e9n\u00e9ralement la chaise d&#8217;auditorium PrimoTelescopic. Mais d&#8217;autres chaises sont \u00e9galement possibles en fonction de la structure de la salle.<\/p>\n","protected":false},"featured_media":10696,"menu_order":0,"template":"","meta":{"_seopress_robots_primary_cat":"","_seopress_titles_title":"","_seopress_titles_desc":"","_seopress_robots_index":""},"type-meubilair":[258],"project-toepassing":[257,90],"toepassingen":[98],"collecties":[256],"class_list":["post-11132","producten","type-producten","status-publish","has-post-thumbnail","hentry","type-meubilair-chaises-de-lauditorium","project-toepassing-auditorium-auditorium-salle-de-theatre-salle-de-concert","project-toepassing-espace-public","toepassingen-asseoir","collecties-hamari-fr"],"_links":{"self":[{"href":"https:\/\/www.sv.be\/fr\/wp-json\/wp\/v2\/producten\/11132","targetHints":{"allow":["GET"]}}],"collection":[{"href":"https:\/\/www.sv.be\/fr\/wp-json\/wp\/v2\/producten"}],"about":[{"href":"https:\/\/www.sv.be\/fr\/wp-json\/wp\/v2\/types\/producten"}],"wp:featuredmedia":[{"embeddable":true,"href":"https:\/\/www.sv.be\/fr\/wp-json\/wp\/v2\/media\/10696"}],"wp:attachment":[{"href":"https:\/\/www.sv.be\/fr\/wp-json\/wp\/v2\/media?parent=11132"}],"wp:term":[{"taxonomy":"type-meubilair","embeddable":true,"href":"https:\/\/www.sv.be\/fr\/wp-json\/wp\/v2\/type-meubilair?post=11132"},{"taxonomy":"project-toepassing","embeddable":true,"href":"https:\/\/www.sv.be\/fr\/wp-json\/wp\/v2\/project-toepassing?post=11132"},{"taxonomy":"toepassingen","embeddable":true,"href":"https:\/\/www.sv.be\/fr\/wp-json\/wp\/v2\/toepassingen?post=11132"},{"taxonomy":"collecties","embeddable":true,"href":"https:\/\/www.sv.be\/fr\/wp-json\/wp\/v2\/collecties?post=11132"}],"curies":[{"name":"wp","href":"https:\/\/api.w.org\/{rel}","templated":true}]}}

Support télescopique

<p>Sur nos tribunes télescopiques, nous utilisons généralement la chaise d&#8217;auditorium PrimoTelescopic. Mais d&#8217;autres chaises sont également possibles en fonction de la structure de la salle.</p>
